8 and 1264092.
12
Calculate the greatest common factor of 163505 and 795.
265
What is the greatest common divisor of 36985 and 16250?
65
Calculate the greatest common factor of 532272 and 78.
78
Calculate the highest common factor of 131396 and 2140.
428
Calculate the highest common divisor of 21718296 and 72.
72
What is the highest common factor of 894 and 8072373?
447
Calculate the greatest common divisor of 376 and 556010.
94
Calculate the greatest common divisor of 798 and 9462.
114
What is the greatest common divisor of 21522 and 2754?
102
What is the greatest common factor of 14 and 96586?
14
Calculate the highest common divisor of 2226 and 87132.
318
Calculate the greatest common factor of 100 and 1183840.
20
Calculate the highest common factor of 473 and 781482.
43
Calculate the greatest common divisor of 14535 and 50217.
57
What is the greatest common divisor of 58181 and 3985?
797
What is the greatest common divisor of 15454096 and 112?
112
What is the greatest common factor of 5 and 405?
5
What is the greatest common divisor of 63 and 16326?
9
Calculate the greatest common factor of 5015 and 14875.
85
What is the highest common factor of 1209485 and 355?
355
Calculate the greatest common divisor of 132 and 33000.
132
What is the highest common divisor of 212180 and 390?
10
Calculate the highest common factor of 260 and 719732.
52
Calculate the highest common factor of 27772 and 2620.
524
What is the highest common divisor of 11637 and 117?
9
What is the highest common divisor of 9 and 2408517?
9
What is the greatest common divisor of 1664 and 373984?
416
Calculate the greatest common factor of 1245919 and 33195.
2213
Calculate the highest common divisor of 2140 and 30.
10
Calculate the highest common factor of 27 and 372132.
9
What is the greatest common factor of 5 and 1702110?
5
What is the highest common factor of 26977 and 8639?
53
What is the highest common divisor of 9156 and 2858961?
2289
Calculate the highest common divisor of 5496 and 2088.
24
Calculate the greatest common factor of 32 and 857072.
16
What is the greatest common divisor of 23987 and 4565?
83
What is the highest common divisor of 2740 and 51512?
548
Calculate the highest common divisor of 266 and 74.
2
What is the greatest common divisor of 1573 and 29766?
121
Calculate the highest common factor of 7614 and 85258.
94
Calculate the greatest common factor of 53237 and 3447.
383
Calculate the greatest common divisor of 267910 and 6606.
734
What is the greatest common factor of 50375 and 124?
31
What is the greatest common factor of 2292 and 97792?
764
What is the highest common factor of 65676 and 17004?
156
Calculate the highest common divisor of 224 and 452144.
112
What is the highest common factor of 14 and 15862?
14
Calculate the greatest common divisor of 115 and 57845.
115
What is the greatest common divisor of 851 and 72496?
23
What is the highest common divisor of 10 and 713270?
10
What is the highest common factor of 184 and 967081?
23
What is the highest common divisor of 656 and 864?
16
Calculate the greatest common factor of 7362 and 774.
18
Calculate the highest common factor of 50 and 4450.
50
What is the highest common divisor of 39175 and 50?
25
Calculate the highest common factor of 519 and 991290.
519
What is the highest common divisor of 10630 and 250?
10
Calculate the highest common factor of 7 and 2141.
1
Calculate the greatest common factor of 1010 and 2930.
10
Calculate the highest common factor of 28178 and 5986.
146
What is the greatest common factor of 2341059 and 861?
861
What is the greatest common factor of 2865 and 930?
15
What is the greatest common divisor of 1676 and 419?
419
Calculate the highest common factor of 3030 and 435.
15
Calculate the greatest common divisor of 74360 and 880.
440
Calculate the greatest common divisor of 110 and 7942.
22
What is the highest common divisor of 3060803 and 53?
53
Calculate the greatest common divisor of 36774 and 81.
81
What is the highest common factor of 1764 and 1170414?
882
What is the greatest common factor of 1037085 and 35?
35
Calculate the greatest common divisor of 2613 and 429.
39
Calculate the greatest common factor of 5497 and 161.
23
Calculate the highest common factor of 27 and 12096.
27
What is the greatest common divisor of 6281 and 2354?
11
Calculate the greatest common factor of 33 and 42823.
11
Calculate the greatest common divisor of 108 and 1488.
12
Calculate the greatest common divisor of 3300 and 1110.
30
Calculate the highest common divisor of 6111 and 207.
9
Calculate the greatest common factor of 48730 and 45.
5
What is the greatest common divisor of 391 and 6443?
17
Calculate the highest common factor of 1742 and 23686.
26
Calculate the highest common divisor of 6885 and 2040.
255
What is the greatest common factor of 32 and 160672?
32
What is the highest common divisor of 864372 and 12?
12
What is the highest common divisor of 672 and 2196?
12
Calculate the greatest common factor of 272645 and 124.
31
What is the highest common factor of 4047 and 399?
57
What is the highest common divisor of 135890 and 16906?
214
What is the greatest common factor of 18 and 198117?
9
Calculate the greatest common divisor of 9 and 2733.
3
Calculate the greatest common factor of 11 and 183513.
11
Calculate the highest common divisor of 126 and 1374576.
42
Calculate the highest common divisor of 1470 and 5895.
15
Calculate the highest common divisor of 327114 and 612.
306
What is the highest common divisor of 143469 and 4275?
171
What is the highest common factor of 624 and 2064?
48
What is the greatest common divisor of 5467 and 2002?
77
Calculate the highest common divisor of 9901560 and 24.
24
Calculate the highest common factor of 2340 and 446238.
234
What is the highest common divisor of 278704 and 112?
16
What is the highest common divisor of 16 and 335936?
16
Calculate the highest common divisor of 290 and 7018.
58
Calculate the greatest common divisor of 96 and 1996.
4
What is the highest common factor of 1936 and 56?
8
What is the greatest common factor of 846 and 48786?
282
What is the highest common divisor of 332733 and 11229?
591
What is the highest common divisor of 358 and 281746?
358
What is the greatest common divisor of 116576 and 32?
32
Calculate the highest common factor of 2620237 and 29.
29
What is the greatest common divisor of 8008264 and 121?
121
What is the highest common factor of 3143 and 12?
1
Calculate the greatest common factor of 54 and 1507950.
54
What is the highest common factor of 2 and 2066?
2
What is the greatest common factor of 8658 and 390?
78
What is the greatest common divisor of 2861304 and 408?
408
What is the highest common factor of 690 and 1815?
15
What is the greatest common factor of 1567059 and 897?
897
What is the greatest common divisor of 23 and 16997?
23
What is the highest common factor of 16 and 22459088?
16
What is the greatest common factor of 1700 and 255?
85
Calculate the highest common divisor of 170 and 16000.
10
Calculate the greatest common divisor of 68390 and 84.
14
What is the highest common divisor of 135 and 9645?
15
Calculate the greatest common divisor of 1972 and 17284.
116
Calculate the greatest common divisor of 36413 and 13.
13
What is the greatest common divisor of 395 and 148046?
79
Calculate the highest common factor of 122999 and 376.
47
Calculate the greatest common factor of 186042 and 3636.
606
Calculate the highest common divisor of 55278 and 119214.
666
What is the greatest common divisor of 29120 and 105?
35
Calculate the greatest common divisor of 40 and 94030.
10
Calculate the greatest common divisor of 5627 and 128097.
331
Calculate the greatest common factor of 891 and 41217.
33
What is the greatest common factor of 150 and 1416250?
50
What is the greatest common factor of 33792 and 8?
8
What is the highest common divisor of 13376 and 3136?
64
What is the highest common factor of 36190 and 188?
94
Calculate the highest common factor of 4094 and 598.
46
What is the greatest common factor of 25530 and 28194?
222
What is the highest common factor of 1071 and 111741?
357
What is the greatest common factor of 40995 and 135?
45
Calculate the greatest common factor of 1168 and 36000.
16
What is t